{"id":6,"date":"2025-05-17T08:49:08","date_gmt":"2025-05-17T08:49:08","guid":{"rendered":"https:\/\/trowise.fi\/?page_id=6"},"modified":"2025-05-17T10:56:11","modified_gmt":"2025-05-17T10:56:11","slug":"trowise-consulting","status":"publish","type":"page","link":"https:\/\/trowise.fi\/","title":{"rendered":""},"content":{"rendered":"\n<h1 class=\"wp-block-heading alignwide\" style=\"margin-top:0;margin-right:0;margin-bottom:0;margin-left:0;font-size:clamp(2.545rem, 2.545rem + ((1vw - 0.2rem) * 3.537), 4.8rem);line-height:1.6\"><strong><em>TROWISE Consulting<\/em><\/strong><\/h1>\n\n\n\n<div class=\"wp-block-cover alignfull is-light has-contrast-color has-text-color has-link-color wp-elements-b126e18020c0991dd19850b7367f926b\" style=\"margin-top:0;margin-bottom:0;padding-top:var(--wp--preset--spacing--60);padding-right:var(--wp--preset--spacing--50);padding-bottom:var(--wp--preset--spacing--60);padding-left:var(--wp--preset--spacing--50)\"><span aria-hidden=\"true\" class=\"wp-block-cover__background has-base-background-color has-background-dim-100 has-background-dim\"><\/span><div class=\"wp-block-cover__inner-container has-global-padding is-layout-constrained wp-container-core-cover-is-layout-873ee6b1 wp-block-cover-is-layout-constrained\">\n<div class=\"wp-block-columns alignwide is-layout-flex wp-container-core-columns-is-layout-7ee84d44 wp-block-columns-is-layout-flex\">\n<div class=\"wp-block-column is-layout-flow wp-block-column-is-layout-flow\" style=\"flex-basis:65%\">\n<div class=\"wp-block-group is-vertical is-content-justification-stretch is-layout-flex wp-container-core-group-is-layout-353c4f5a wp-block-group-is-layout-flex\">\n<p class=\"has-x-large-font-size\"><strong><em>Timo Rotonen, Advisor &amp; Mentor<\/em><\/strong><\/p>\n\n\n\n<p class=\"is-style-default\" style=\"margin-right:var(--wp--preset--spacing--30);margin-left:var(--wp--preset--spacing--30)\"><em>Kenraaliluutnantti (res.),<\/em><\/p>\n\n\n\n<p class=\"is-style-default\" style=\"margin-right:var(--wp--preset--spacing--30);margin-left:var(--wp--preset--spacing--30)\"><em>Ex Puolustusvoimien Sotatalousp\u00e4\u00e4llikk\u00f6<\/em><\/p>\n\n\n\n<p class=\"is-style-default\" style=\"margin-right:var(--wp--preset--spacing--30);margin-left:var(--wp--preset--spacing--30)\"><em>Puolustusvoimien hankinnat ja logistiikka, yli 25 v<\/em><\/p>\n\n\n\n<p class=\"is-style-default\" style=\"margin-right:var(--wp--preset--spacing--30);margin-left:var(--wp--preset--spacing--30)\"><em>Kokenut hallitusammattilainen, yli 10 htv<\/em><\/p>\n\n\n\n<p><\/p>\n\n\n\n<p style=\"font-size:clamp(1.146rem, 1.146rem + ((1vw - 0.2rem) * 1.026), 1.8rem);\"><strong><em>Yritysjohdon konsultaatiot ja neuvonta.<\/em><\/strong><\/p>\n\n\n\n<p style=\"font-size:clamp(1.146rem, 1.146rem + ((1vw - 0.2rem) * 1.026), 1.8rem);\"><strong><em>Analyysit ja selvitykset.<\/em><\/strong><\/p>\n\n\n\n<p style=\"font-size:clamp(1.146rem, 1.146rem + ((1vw - 0.2rem) * 1.026), 1.8rem);\"><strong><em>Puolustusalan yritysverkostot.<\/em><\/strong><\/p>\n\n\n\n<p class=\"is-style-default\" style=\"font-size:clamp(1.146rem, 1.146rem + ((1vw - 0.2rem) * 1.026), 1.8rem);\"><strong><em>Huoltovarmuus- ja logistiikka.<\/em><\/strong><\/p>\n\n\n\n<p class=\"is-style-default\" style=\"font-size:clamp(1.146rem, 1.146rem + ((1vw - 0.2rem) * 1.026), 1.8rem);\"><strong><em>Puolustus- ja kaksoisk\u00e4ytt\u00f6materiaalit.<\/em><\/strong><\/p>\n<\/div>\n<\/div>\n\n\n\n<div class=\"wp-block-column is-layout-flow wp-block-column-is-layout-flow\" style=\"flex-basis:35%\">\n<div class=\"wp-block-group is-vertical is-content-justification-stretch is-nowrap is-layout-flex wp-container-core-group-is-layout-73b0033c wp-block-group-is-layout-flex\">\n<figure class=\"wp-block-image size-full\"><img loading=\"lazy\" decoding=\"async\" width=\"1762\" height=\"2037\" src=\"https:\/\/trowise.fi\/wp-content\/uploads\/2025\/05\/TRo-2020A.jpg\" alt=\"\" class=\"wp-image-8\" style=\"aspect-ratio:3\/4;object-fit:cover\" srcset=\"https:\/\/trowise.fi\/wp-content\/uploads\/2025\/05\/TRo-2020A.jpg 1762w, https:\/\/trowise.fi\/wp-content\/uploads\/2025\/05\/TRo-2020A-259x300.jpg 259w, https:\/\/trowise.fi\/wp-content\/uploads\/2025\/05\/TRo-2020A-886x1024.jpg 886w, https:\/\/trowise.fi\/wp-content\/uploads\/2025\/05\/TRo-2020A-768x888.jpg 768w, https:\/\/trowise.fi\/wp-content\/uploads\/2025\/05\/TRo-2020A-1329x1536.jpg 1329w\" sizes=\"auto, (max-width: 1762px) 100vw, 1762px\" \/><\/figure>\n\n\n\n<p><a href=\"mailto:Timo.Rotonen@trowise.fi\"><em>Timo.Rotonen@trowise.fi<\/em><\/a><em><\/em><\/p>\n\n\n\n<p><em>+358 405048894<\/em><\/p>\n\n\n\n<p><a href=\"https:\/\/www.linkedin.com\/in\/timo-rotonen-894610a2\"><em>LinkedIn<\/em><\/a><\/p>\n\n\n\n<p class=\"has-text-align-right has-x-large-font-size\" style=\"line-height:1.2\"><br><\/p>\n<\/div>\n<\/div>\n<\/div>\n<\/div><\/div>\n","protected":false},"excerpt":{"rendered":"<p>TROWISE Consulting<\/p>\n","protected":false},"author":1,"featured_media":0,"parent":0,"menu_order":0,"comment_status":"closed","ping_status":"closed","template":"","meta":{"footnotes":""},"class_list":["post-6","page","type-page","status-publish","hentry"],"_links":{"self":[{"href":"https:\/\/trowise.fi\/index.php\/wp-json\/wp\/v2\/pages\/6","targetHints":{"allow":["GET"]}}],"collection":[{"href":"https:\/\/trowise.fi\/index.php\/wp-json\/wp\/v2\/pages"}],"about":[{"href":"https:\/\/trowise.fi\/index.php\/wp-json\/wp\/v2\/types\/page"}],"author":[{"embeddable":true,"href":"https:\/\/trowise.fi\/index.php\/wp-json\/wp\/v2\/users\/1"}],"replies":[{"embeddable":true,"href":"https:\/\/trowise.fi\/index.php\/wp-json\/wp\/v2\/comments?post=6"}],"version-history":[{"count":10,"href":"https:\/\/trowise.fi\/index.php\/wp-json\/wp\/v2\/pages\/6\/revisions"}],"predecessor-version":[{"id":30,"href":"https:\/\/trowise.fi\/index.php\/wp-json\/wp\/v2\/pages\/6\/revisions\/30"}],"wp:attachment":[{"href":"https:\/\/trowise.fi\/index.php\/wp-json\/wp\/v2\/media?parent=6"}],"curies":[{"name":"wp","href":"https:\/\/api.w.org\/{rel}","templated":true}]}}